-60815482)) - (-2)/(-32) a composite number?
False
Let p(f) = 3*f - 26. Let z = 123 - 111. Let y be p(z). Is (14 - y) + (2013 - -2) a composite number?
True
Let y = 1296575 + -650976. Is y a prime number?
True
Let j(f) = 860*f**2 + 28*f - 37. Suppose -7*o + 18 = -5*o. Let a(v) = 215*v**2 + 7*v - 9. Let w(u) = o*a(u) - 2*j(u). Is w(3) prime?
True
Suppose 5*b - 5*r = 347545, -170*r + 173*r = -12. Is b composite?
True
Suppose 0 = -4*o + 8, -5*q - 2*o = -0*o - 1334. Let j(z) = 13*z**2 + 13*z + 3. Let x be j(-9). Let h = x - q. Is h a prime number?
True
Let o = 55227 - 20113. Let h = o - 22261. Is h prime?
True
Is -10 - (-49716162)/(-18)*-1 prime?
True
Is 90887 + 0/((28/(-28))/(0 + -1)) a prime number?
True
Let b = 483 + -423. Is b/(-15) + (-1)/((-1)/4275) a prime number?
True
Let j = 240 - -382. Suppose 9*f - 3*f - 18 = 0. Suppose f*w - j = 389. Is w prime?
True
Let d(u) be the third derivative of u**5/30 + 3*u**4/4 + 91*u**3/6 - 8*u**2. Is d(-6) prime?
False
Let t = 45 + -10. Is (-9)/21 + 124160/t prime?
True
Let y be (-8590)/(-18) - -4*3/(-54). Suppose -4*v = -3*c - y, 5*v + c - 590 = 6*c. Is v composite?
True
Suppose -916 = -4*f + 2*n + 258, -n + 1171 = 4*f. Let r = 99 + -13. Suppose -r = -b + f. Is b prime?
True
Let x = 4095 + 170. Let a = 6660 - x. Is a a composite number?
True
Let s(k) = k**3 + 3*k**2 - 6*k - 7. Let y be s(8). Suppose -4*u = -g - y, 602 + 201 = 5*u - 4*g. Is (7/(-14)*6)/((-3)/u) prime?
True
Is (908558 - 0) + -78 + 91 composite?
True
Suppose 2*j - 622046 = 55*h - 53*h, j - 311011 = 3*h. Is j a composite number?
True
Let n = 112 - 24. Let c = 355 - n. Is c composite?
True
Let h(i) = 47*i**3 + 2*i**2 - 4*i + 3. Suppose -3*w - 48 = -3*s - 6*w, 0 = -s - 5*w + 28. Suppose -3 = 5*m - s. Is h(m) a prime number?
True
Let k(q) = 3*q - 355. Let r be k(0). Suppose -440 = 2*y - 1976. Let z = r + y. Is z prime?
False
Let j = -67 + 53. Is (-4)/j + (-51300)/(-35) prime?
False
Let c be (4 + -5)/((-2)/(-6)) - -92. Let g = 166 - c. Is g a prime number?
False
Let w(u) = 20*u**2 - 3*u + 22. Let j be w(5). Suppose j + 619 = 3*k - 4*i, -3*k + 1171 = 5*i. Is k a composite number?
True
Suppose 0 = a + 26 + 5. Let z = 27 + a. Is 111/(0 - 6/z) a prime number?
False
Suppose 246*v - 242*v + w = 7388, 2*v = 4*w + 3694. Is v prime?
True
Let o(w) = w**3 - 10*w**2 + 7*w + 23. Let v be o(9). Let h = v - 5. Suppose -4*f - 236 + 744 = h. Is f prime?
True
Let z be -1*(-1)/(-2)*-6. Suppose o = -z*j + 7*j - 714, -j = 3*o + 2103. Let s = o + 1043. Is s a prime number?
False
Suppose -5*s - 3567 = -3742. Suppose -s*x + 974362 = 111437. Is x composite?
True
Let m = 352473 - 204496. Is m composite?
False
Suppose -43 = -8*h - 11. Is (1128435/308)/(3/h) a prime number?
False
Is (3132798 - 3)/((-5)/(-35)*7) - 2 composite?
False
Let b = 25 - 25. Suppose b = 7*d + 13 - 6. Is d/(-2) - (-13398)/12 a prime number?
True
Suppose 0 = -4*d + 8, -l = 5*d - 7*d - 142414. Is l prime?
False
Is 2/5 + (-688422)/(-70)*101 composite?
True
Suppose -3*l - 106288 = -6*m + 189308, 4*m - 197060 = 4*l. Is m a composite number?
True
Let i(q) = -q**3 + 3*q**2 + 4*q + 3. Let n be i(-2). Suppose -2760 = -l - f + 4670, n = 5*f. Is l a composite number?
True
Suppose 5*i = -m + 15364, 2*m + 46052 = 5*m + 5*i. Suppose 5*s = -2*w + 4911 + 5290, s = 3*w - m. Is w composite?
False
Suppose 4*j - 1114146 = 2*r, 0 = r + 1169 - 1170. Is j composite?
True
Let g(p) = 57*p**2 - 632*p + 94. Is g(-39) a composite number?
False
Suppose 2*k = 4*t + 9 + 11, 5*t + 38 = -4*k. Let d be (-224)/t*(-102)/(-4). Suppose -5*w = -363 - d. Is w a prime number?
True
Let p be (-63)/(-15) + -4 + (-364314)/(-30). Suppose -63510 + p = -6*i. Is i prime?
False
Let q = -140 - -144. Suppose -q*k = -0*k - 508. Is k composite?
False
Suppose 34*g - 303536 = 3295609 - 465739. Is g composite?
True
Let m = 0 - -6. Let r be 40/m*(-144)/(-20). Is (-3)/(r/(-1996))*4 prime?
True
Suppose -4*t - 48 = 276. Is ((-1523)/4)/(t/(-12) + -7) composite?
False
Let c = 7 + -1. Suppose -7*o = -c*o + 8. Let t(m) = -84*m - 19. Is t(o) a prime number?
True
Let j = 29452 - 11747. Suppose 7*a = 9 - 2, 0 = -k - 5*a + 9. Suppose -k*i - i = -j. Is i composite?
False
Suppose -16915*o = -16900*o - 529710. Is o a prime number?
False
Let t = 76656 + -43535. Is t a composite number?
True
Let q be (69/207)/((-2)/(-2364258)). Suppose q - 114570 = 23*r. Is r prime?
False
Suppose -15920 = -3*l + 2*l. Suppose -4*f = k - 15945, -3*f - f + l = -4*k. Is f a prime number?
False
Let l be (10306/(-6))/((-3)/27). Let b = l - 6453. Suppose 5*g - 199 = b. Is g prime?
False
Let r(p) = 20576*p - 1738. Is r(4) prime?
False
Let f be 7 + -6 + (-4)/(-2). Suppose f*a + 716 - 7877 = -3*v, -2399 = -v - 4*a. Let t = v - 1374. Is t prime?
True
Suppose n = 2*z - 29728, 4*z - 59450 = -0*z + 5*n. Suppose 0 = -3*l + z + 17664. Is l prime?
False
Suppose 74 = 2*l + 4*r, -4*l + 9*l - 2*r - 245 = 0. Let k = -43 + l. Suppose k*s + 762 = 2*j, 0 = 2*j - s + 5*s - 722. Is j composite?
True
Let p = 308093 - -126606. Is p composite?
False
Is 1065278 + -82 + -2*6/4 a prime number?
False
Let y be 173 + 0*2/4 + -4. Suppose -3*t = -1490 - y. Let n = t + -366. Is n prime?
False
Suppose -2*k - o - 66 = 0, -5*k - 91 - 56 = -2*o. Let u = 150 + k. Is u a prime number?
False
Let j(n) = -n**2 + 5*n - 7*n - 3 + 3. Let q be j(-1). Is (-4026)/(-8) + q/(-4) composite?
False
Suppose -3*y - y = -16. Suppose -5*c + y*q + 11601 = 0, 0*q = 5*c + q - 11606. Is c a composite number?
True
Let k(c) = -114 - 72*c - 63 + 86. Is k(-8) a prime number?
False
Suppose 6*m + 203 = 4*m - 5*s, 252 = -3*m + 3*s. Let x = m - -89. Suppose z - 10766 = -5*b, 5*b + x*b - 2*z - 10763 = 0. Is b prime?
True
Let g = 227 - 225. Suppose -v = 4*l - 24990, 15*l - 12*l + g*v = 18745. Is l a composite number?
False
Let h = -145 - -141. Let b be (h/5)/2*-70. Let p(n) = 3*n**2 + 9*n + 7. Is p(b) composite?
True
Suppose 297180 = 37*b - 33*b - 2*d, -16 = -4*d. Is b prime?
True
Suppose 0 = 13*l - 9*l + y - 24432, l = 2*y + 6099. Suppose 2*n - l = 1057. Let h = n + -1925. Is h composite?
False
Let n be (-675)/((0 + 1)*(1 + -2)). Let p = n + -960. Let g = 1400 + p. Is g a prime number?
False
Let s(t) = 52*t**2 - 14*t + 18. Let j be s(5). Let h = 4706 - j. Suppose -6*c - 674 = -w - 11*c, h = 5*w + 3*c. Is w a prime number?
False
Suppose y - 288649 = -4*h, -111*y - 72171 = -h - 113*y. Is h a composite number?
False
Suppose -49*z + 51*z = -i + 99008, -3*i = -z + 49483. Is z a prime number?
False
Suppose -3*k + 3*z = -12519, k - 3*k + 8345 = -3*z. Suppose 4*l = 2*l + k. Let j = l + -810. Is j prime?
True
Suppose a - 5*j - 5 - 3 = 0, -4*j + 32 = -4*a. Is (-59264)/(-12) + a/18 + -4 composite?
True
Let h = 3672297 + -2591398. Is h composite?
False
Let k(v) be the third derivative of -47*v**2 + 0 + v**3 - 43/24*v**4 + 0*v. Is k(-7) composite?
False
Let d be (3 + -1)*1 + (-12)/3. Let y be 2*d/(-8)*(-84)/14. Is (-2 - (-21)/6)*(-2674)/y a prime number?
False
Let w(k) = -k**2 + 10*k + 11. Let c be w(9). Let h(u) = -16*u + 27*u - c*u - 13. Is h(-18) prime?
True
Let o = 0 - -3. Suppose -2*y - 3*y - o*c = -21402, y = -3*c + 4278. Is y a composite number?
True
Let k(p) = 3*p**3 + 11*p**2 - 52*p - 37. Let n be k(-12). Let j = n - -11324. Is j a composite number?
False
Let d(y) be the second derivative of 17*y**3 + 29*y**2 - 41*y. Let w be d(17). Let x = w + -681. Is x prime?
False
Suppose -52*v + 39*v = -73190. Suppose 0 = -14*l + 18296 + v. Is l a composite number?
False
Let w = -63 + 43. Let m = 18 + w. Is ((-740)/m)/(9 - 7) composite?
True
Let i(r) = -r**3 + 8*r**2 - 14*r + 24. Suppose -6*j + 157 = 121. Let y be i(j). Is 42/y*(168 + -2) prime?
False
Let d(y) = 55*y**2 - 6*y - 6. Let v be d(-5). Let w = 11813 + -6653. Let c = w - v. Is c prime?
True
Is 3094570/(-6)*(-102)/(-3230)*-19 composite?
False
Is ((-1 - 8) + 310853)*(-1)/(-4) composite?
False
Is 93642225/(-50)*(-6)/9 prime?
True
Let x = 44 + -42. Let h(o) = -o**3 - o**2 + o + 1. Let k be h(x). Is 86 + -3*3/k prime?
False
Let u(j) = 47*j**2 - 13*j + 57. Let a be u(8). Suppose 18*c - 12267 = -a. Is c composite?
True
Is 999099525/1575 - 6/(-63) prime?
False
Let i(y) = 45626*y - 3. Let d be i(6). Suppose 3*b = g - 2*g + 136869, -2*g = 3*b - d. Suppose g = 19*s - 40025. Is s a composite number?
False
Suppose -h - z = -5432